 j(t) = -22*t - 5*t + t**2 + 22 + 42*t. Let g be j(-13). Let w be (-2 - 33/g)/(1/4). Calculate the highest common factor of 275 and w.
25
Suppose -3*b + 3*j = -21, 4*b = -4*j - 10 + 38. Suppose 0 = 2*t + 3*t - 385. Calculate the greatest common divisor of b and t.
7
Let d(i) = -2*i**2 - 13*i - 4. Let j be d(-6). Suppose 33 = -j*w + 3*g, -4*g + 76 = w - 5*w. Let s = 40 - w. Calculate the greatest common divisor of s and 8.
8
Suppose 9*p + 16*p + 10050 = 0. Let j = 452 + p. Calculate the highest common divisor of 525 and j.
25
Suppose 16*d + 7*d = -39*d + 3534. Calculate the greatest common factor of 15333 and d.
57
Let v(i) = i**3 - 12*i**2 - 29. Let u = 83 - 193. Let r = u - -123. Let t be v(r). What is the highest common factor of 14 and t?
14
Let t = 2715 - 420. Calculate the highest common factor of 30 and t.
15
Suppose 7*x - 380 - 40 = 0. Suppose p - 499 = -5*a, a + 3*p = x + 37. What is the highest common divisor of a and 8?
4
Suppose 2*z - 237 + 75 = -3*b, 2*b - 108 = z. What is the greatest common divisor of b and 288?
18
Suppose -b + 590 = -5*p, -15*b + 472 = -4*p - 10*b. Let t = p - -153. Suppose 0 = -4*r + 680 + 20. What is the highest common divisor of t and r?
35
Let r be (0 + (-468)/21)*(-63)/6. Suppose -1147*l + 1150*l - r = 0. What is the greatest common divisor of 36 and l?
6
Let u = 719 + -578. Let r = 557 - u. What is the greatest common divisor of 13 and r?
13
Suppose -62 = -3*m + 2*z, -z + 81 = 4*m - 2*z. Calculate the highest common factor of m and 4540.
20
Suppose 0 = -52*i - 23*i + 4725. Let t = 21 + -3. What is the greatest common divisor of i and t?
9
Suppose 0 = -2*m + 20 - 50. Let r = -18 + m. Let s = -15 - r. Calculate the highest common divisor of s and 144.
18
Suppose -2 = -5*s + 5*k + 18, 4*s - 8 = -4*k. Suppose -3*u = -g - 8*u + 12, 2*u = s*g - 53. Calculate the highest common divisor of 833 and g.
17
Suppose -174 + 54 = -3*g - 9*g. What is the highest common factor of 2510 and g?
10
Let a = -179 - -198. Suppose 31*u - a*u - 6732 = 0. Calculate the greatest common factor of u and 33.
33
Suppose -36*l + 24*l - 37*l + 2352 = 0. What is the highest common divisor of 258 and l?
6
Suppose 15*m - 3910 = -1105. Suppose -m + 37 = -5*n. What is the highest common divisor of 45 and n?
15
Suppose 0 = 15*b + 32 - 107. Suppose -73 = -b*c - 28. Calculate the greatest common divisor of 441 and c.
9
Let o(i) = -i**3 + 5*i + 4. Let j be o(-2). Let h be j + (1 - -2) - -97. What is the highest common factor of h and 12?
6
Let p be ((-80)/32)/(11/(-22)). What is the greatest common factor of 3125 and p?
5
Let p be 0 + (-14)/(-217) - (-2220)/186. Calculate the highest common factor of p and 56.
4
Let t(n) = n**2 - 14*n + 2. Let l be t(20). Let p = 44 + 383. Calculate the greatest common factor of l and p.
61
Let o be (-7 + -271)*3/6. Let v = -133 - o. Suppose 0*n - 5*n = -2*w - 90, -w = 3*n - 54. What is the greatest common divisor of v and n?
6
Let l be (-14)/3*(-8 - -11). Let y = l - -30. Calculate the highest common divisor of 304 and y.
16
Suppose -3*l - 4*t = -2*l + 4, -73 = 4*l - 3*t. Let b be (l/(-12) + -2)/(2/(-288)). Calculate the highest common factor of b and 6.
6
Suppose 2*p = a - 23, -4*p + 21 = a + 16. What is the greatest common divisor of 85 and a?
17
Let t = 50 + -31. Let w = 24 - t. Suppose 17 = -4*l - w*n, -l - n + 5 = 4*l. What is the greatest common divisor of 16 and l?
2
Suppose 0 = 17*c + 4*c - 4261 - 779. What is the highest common divisor of c and 45?
15
Let o = 121 + -89. Let k be 30/4*o/48. Suppose -5*t + 2*d + 38 = 0, t - k = -4*d + 7. Calculate the highest common divisor of 12 and t.
4
Suppose -68 = -14*v + 198. Let y be v*(2/1 + -1). Suppose y = -z + 21. Calculate the greatest common divisor of 13 and z.
1
Suppose -2 - 4 = -x. Suppose -3*r = -4*o - 39, 21 = -0*o - o + 3*r. Let h be 42 - o*(-5 + 6). Calculate the greatest common factor of h and x.
6
Suppose -4*a = 2*u - 4*u - 942, -2*u - 2*a = 948. Let i be (1 + -83)*u/86. What is the highest common factor of i and 11?
11
Let g(j) = -38*j + 35. Let q be g(1). Let s = 20 - q. Calculate the highest common divisor of 575 and s.
23
Let v(a) = -9*a**3 - 2*a**2 - 2*a - 1. Let s be v(-1). Suppose 0 = -2*g - 3*f + 70, -2*g - 91 = -3*f - 101. What is the highest common divisor of s and g?
4
Let a be 1670592/96 + 2/1. Calculate the highest common divisor of 76 and a.
76
Suppose 3*h = 2*k + 2048, -h + 332 = -5*k - 342. What is the greatest common factor of 117 and h?
9
Let b(z) = z**2 - 2*z - 3. Let r be b(-7). Let y = 57 + r. Calculate the greatest common factor of 13 and y.
13
Let h be 14/21 - 1567/(-3). Let i = -511 + h. What is the highest common divisor of i and 972?
12
Let j = -4027 - -4091. What is the highest common divisor of 2272 and j?
32
Let d = -16 + 58. Suppose -d*v + 45*v = -234. Let o = -75 - v. Calculate the highest common factor of 45 and o.
3
Suppose 325554 = 153*n + 135821 - 245858. Calculate the greatest common divisor of 195 and n.
39
Let u(y) = y**2 + 28*y + 62. Let w be u(-26). Let p = 505 + -275. What is the greatest common divisor of p and w?
10
Suppose -5*h = -5*p - 350, 4*h + 1 = 9. Let f = 58 - p. Calculate the greatest common divisor of f and 28.
14
Let i be (153/85)/(12/(-80)*-2). Suppose 2*f - 9 = -f + 2*r, -r = 4*f - 23. What is the greatest common factor of f and i?
1
Suppose 0 = -51*y - 8*y + 8791. What is the greatest common divisor of y and 1?
1
Let r = 105990 + -105825. Suppose -2*l - l = -90. What is the highest common factor of r and l?
15
Let g be 36/(-594) + (-24016)/132. Let u = g - -207. Calculate the greatest common factor of 1175 and u.
25
Let k = 7055 - 6779. Calculate the highest common factor of k and 5152.
92
Let t = 28 + 30. Suppose -t*c + 53*c = -300. Calculate the greatest common factor of c and 24.
12
Suppose -2*m + 3*m = -b + 22, 5*b - 15 = 0. Suppose -290 = -m*o - 81. What is the highest common divisor of o and 209?
11
Let h be ((-6)/4 - -2)/(5/230). Let o = 25 - h. Suppose -5*q = -3*u + 76, o*u = -u + 3*q + 66. What is the highest common divisor of 136 and u?
17
Suppose -3310 = 17*o - 47051. Calculate the greatest common divisor of o and 332.
83
Suppose 3*u = 37 - 22, -x - 5*u = -431. What is the highest common divisor of 98 and x?
14
Suppose 0 = 19*s - 24*s + f + 535, -3*f = -3*s + 309. What is the greatest common factor of s and 12672?
36
Let d(n) = -n**2 - 5*n - 4. Let l be d(-3). Let j = 2634 - 2630. Calculate the highest common divisor of j and l.
2
Let h be ((-8)/5)/((-11)/(275/10)). Suppose -h*d + 0*d - 4 = 0, 0 = 2*m - 5*d - 185. Calculate the greatest common factor of 2 and m.
2
Let l(x) be the first derivative of -x**4/4 - 2*x**3/3 - 2*x**2 - 2*x + 57. Let i be l(-2). What is the highest common divisor of 9 and i?
3
Let k(r) be the first derivative of -4*r**3/3 + r**2 + 16*r + 21. Let j be k(-5). Let b = j - -110. Calculate the highest common divisor of 32 and b.
16
Suppose 3105 = 5*l + 693*z - 696*z, 3*z = 15. Calculate the highest common factor of 336 and l.
48
Suppose -99*p + 559 = -86*p. Calculate the highest common divisor of 2623 and p.
43
Let b be 4*1/((-6)/(-9)). Let c be (-57)/5*-11 + b/10. Suppose 7 = 2*d - 29. Calculate the greatest common divisor of c and d.
18
Suppose 4*l = 2*f + 130, -3*f + 529 = 508. What is the highest common factor of 19308 and l?
12
Let d be 1/(3*(-4)/660*-5). Suppose -44 = -b + n, d*n = 2*b + 16*n - 95. Calculate the highest common divisor of 36 and b.
9
Suppose -274*d + 292*d - 386820 = 0. Calculate the greatest common factor of 70 and d.
70
Let f(h) = 17*h + 53. Let w be f(-3). Suppose 5*l - 6*l - w*q = -26, 4*l = 3*q + 71. What is the greatest common divisor of 130 and l?
10
Let s be -2 - 0 - (-3)/((-15)/(-40)). Suppose -g = -5*i + 1938 - 276, s = 2*g. Calculate the greatest common factor of i and 37.
37
Suppose 1202472 = 17*y + 211*y. What is the highest common divisor of 72 and y?
18
Suppose -3*p + 199 + 275 = 5*x, -2*x = -3*p - 177. Suppose 0 = 2*m + 3*b - 133, 4*m + 5*b - 201 = m. Calculate the greatest common divisor of m and x.
31
Let a(m) = 5*m - 22. Let z be a(5). Suppose -158 - 127 = -z*k. What is the highest common factor of 19 and k?
19
Suppose n + 2 = -0*n - t, -10 = -n + 5*t. Suppose n*x = -2*x + 60. Let d = 4060 - 4040. Calculate the greatest